{"id":242,"date":"2012-11-09T02:15:17","date_gmt":"2012-11-09T02:15:17","guid":{"rendered":"http:\/\/catrinasteffen.de\/galerie\/?page_id=242"},"modified":"2015-04-27T07:36:07","modified_gmt":"2015-04-27T07:36:07","slug":"gastebuch","status":"publish","type":"page","link":"http:\/\/catrinasteffen.de\/galerie\/?page_id=242","title":{"rendered":"G\u00e4stebuch"},"content":{"rendered":"<h2 style=\"text-align: center;\">G\u00e4stebuch<\/h2>\n<p style=\"text-align: center;\">Ich freue mich \u00fcber Eure Eintr\u00e4ge. Schreibt mir an <strong><a href=\"&#109;a&#x69;l&#x74;o&#x3a;&#37;&#x32;&#48;&#x69;&#110;f&#x6f;&#64;&#x63;a&#x74;&#114;&#x69;&#110;&#x61;&#115;&#x74;&#101;f&#x66;e&#x6e;&#46;&#x64;&#101;\">&#x69;&#x6e;&#x66;&#x6f;&#x40;&#x63;&#x61;&#116;&#114;&#105;&#110;&#97;stef&#x66;&#x65;&#x6e;&#x2e;&#x64;&#x65;<\/a><\/strong><\/p>\n","protected":false},"excerpt":{"rendered":"<p>G\u00e4stebuch Ich freue mich \u00fcber Eure Eintr\u00e4ge. Schreibt mir an &#x69;&#x6e;&#102;&#111;&#64;c&#x61;&#x74;&#x72;&#105;&#110;as&#x74;&#x65;&#x66;&#102;&#101;n&#x2e;&#x64;&#x65;<\/p>\n","protected":false},"author":3,"featured_media":0,"parent":0,"menu_order":0,"comment_status":"closed","ping_status":"closed","template":"","meta":{"ngg_post_thumbnail":0,"footnotes":""},"class_list":["post-242","page","type-page","status-publish","hentry"],"_links":{"self":[{"href":"http:\/\/catrinasteffen.de\/galerie\/index.php?rest_route=\/wp\/v2\/pages\/242"}],"collection":[{"href":"http:\/\/catrinasteffen.de\/galerie\/index.php?rest_route=\/wp\/v2\/pages"}],"about":[{"href":"http:\/\/catrinasteffen.de\/galerie\/index.php?rest_route=\/wp\/v2\/types\/page"}],"author":[{"embeddable":true,"href":"http:\/\/catrinasteffen.de\/galerie\/index.php?rest_route=\/wp\/v2\/users\/3"}],"replies":[{"embeddable":true,"href":"http:\/\/catrinasteffen.de\/galerie\/index.php?rest_route=%2Fwp%2Fv2%2Fcomments&post=242"}],"version-history":[{"count":9,"href":"http:\/\/catrinasteffen.de\/galerie\/index.php?rest_route=\/wp\/v2\/pages\/242\/revisions"}],"predecessor-version":[{"id":608,"href":"http:\/\/catrinasteffen.de\/galerie\/index.php?rest_route=\/wp\/v2\/pages\/242\/revisions\/608"}],"wp:attachment":[{"href":"http:\/\/catrinasteffen.de\/galerie\/index.php?rest_route=%2Fwp%2Fv2%2Fmedia&parent=242"}],"curies":[{"name":"wp","href":"https:\/\/api.w.org\/{rel}","templated":true}]}}